 1294?
4
What is the hundreds digit of 735?
7
What is the tens digit of 29380?
8
What is the tens digit of 22085?
8
What is the tens digit of 7056?
5
What is the hundreds digit of 1985?
9
What is the hundred thousands digit of 101168?
1
What is the hundreds digit of 312?
3
What is the tens digit of 120655?
5
What is the tens digit of 903?
0
What is the thousands digit of 9020?
9
What is the units digit of 1262?
2
What is the units digit of 5269?
9
What is the thousands digit of 1771?
1
What is the hundreds digit of 409?
4
What is the units digit of 1811?
1
What is the hundreds digit of 1253?
2
What is the units digit of 12357?
7
What is the hundreds digit of 1815?
8
What is the tens digit of 2769?
6
What is the tens digit of 637?
3
What is the tens digit of 6709?
0
What is the units digit of 340?
0
What is the units digit of 5783?
3
What is the thousands digit of 8359?
8
What is the thousands digit of 9622?
9
What is the tens digit of 61?
6
What is the thousands digit of 5076?
5
What is the thousands digit of 1961?
1
What is the tens digit of 8029?
2
What is the thousands digit of 1218?
1
What is the tens digit of 7837?
3
What is the units digit of 370?
0
What is the hundreds digit of 106624?
6
What is the units digit of 3905?
5
What is the hundreds digit of 21218?
2
What is the hundreds digit of 244?
2
What is the tens digit of 12038?
3
What is the ten thousands digit of 30928?
3
What is the hundreds digit of 300?
3
What is the tens digit of 2384?
8
What is the hundreds digit of 3939?
9
What is the units digit of 654?
4
What is the ten thousands digit of 14060?
1
What is the thousands digit of 2717?
2
What is the hundreds digit of 854?
8
What is the hundreds digit of 9441?
4
What is the hundreds digit of 78146?
1
What is the units digit of 471?
1
What is the hundreds digit of 6759?
7
What is the units digit of 5854?
4
What is the tens digit of 11478?
7
What is the hundreds digit of 57703?
7
What is the tens digit of 48510?
1
What is the units digit of 6201?
1
What is the units digit of 9075?
5
What is the hundreds digit of 3048?
0
What is the thousands digit of 13285?
3
What is the tens digit of 439?
3
What is the units digit of 16617?
7
What is the ten thousands digit of 50304?
5
What is the tens digit of 1138?
3
What is the tens digit of 470?
7
What is the tens digit of 93?
9
What is the tens digit of 7761?
6
What is the units digit of 6?
6
What is the tens digit of 664?
6
What is the hundreds digit of 4881?
8
What is the units digit of 4695?
5
What is the thousands digit of 3858?
3
What is the hundreds digit of 44370?
3
What is the tens digit of 1776?
7
What is the hundreds digit of 2994?
9
What is the tens digit of 735?
3
What is the tens digit of 1542?
4
What is the units digit of 41420?
0
What is the ten thousands digit of 52570?
5
What is the units digit of 2680?
0
What is the ten thousands digit of 105650?
0
What is the units digit of 7668?
8
What is the hundreds digit of 55435?
4
What is the hundreds digit of 8176?
1
What is the ten thousands digit of 170089?
7
What is the thousands digit of 1069?
1
What is the ten thousands digit of 12436?
1
What is the thousands digit of 6230?
6
What is the units digit of 18275?
5
What is the units digit of 1142?
2
What is the hundreds digit of 35510?
5
What is the units digit of 423?
3
What is the tens digit of 1097?
9
What is the tens digit of 190?
9
What is the ten thousands digit of 22796?
2
What is the tens digit of 28321?
2
What is the hundreds digit of 36718?
7
What is the units digit of 8239?
9
What is the tens digit of 41836?
3
What is the units digit of 3117?
7
What is the hundreds digit of 3767?
7
What is the hundreds digit of 7377?
3
What is the tens digit of 19753?
5
What is the tens digit of 5969?
6
What is the thousands digit of 9427?
9
What is the hundreds digit of 13953?
9
What is the tens digit of 3807?
0
What is the units digit of 593?
3
What is the tens digit of 614?
1
What is the thousands digit of 7559?
7
What is the thousands digit of 23436?
3
What is the units digit of 58?
8
What is the thousands digit of 58629?
8
What is the units digit of 893?
3
What is the tens digit of 38841?
4
What is the hundreds digit of 62891?
8
What is the thousands digit of 3022?
3
What is the tens digit of 6109?
0
What is the hundreds digit of 588?
5
What is the tens digit of 12814?
1
What is the hundreds digit of 11716?
7
What is the units digit of 4204?
4
What is the hundreds digit of 4559?
5
What is the units digit of 716?
6
What is the hundreds digit of 19483?
4
What is the units digit of 35835?
5
What is the hundred thousands digit of 132260?
1
What is the thousands digit of 2353?
2
What is the ten thousands digit of 18383?
1
What is the ten thousands digit of 72152?
7
What is the thousands digit of 20899?
0
What is the units digit of 2011?
1
What is the thousands digit of 13962?
3
What is the hundreds digit of 1417?
4
What is the tens digit of 14157?
5
What is the units digit of 1288?
8
What is the units digit of 50?
0
What is the units digit of 10253?
3
What is the hundreds digit of 725?
7
What is the hundreds digit of 2683?
6
What is the units digit of 327?
7
What is the tens digit of 5514?
1
What is the units digit of 108922?
2
What is the thousands digit of 2461?
2
What is the units digit of 38489?
9
What is the units digit of 122167?
7
What is the units digit of 86?
6
What is the units digit of 1561?
1
What is the hundreds digit of 1143?
1
What is the tens digit of 3152?
5
What is the units digit of 34097?
7
What is the tens digit of 634?
3
What is the hundreds digit of 647?
6
What is the ten thousands digit of 17108?
1
What is the thousands digit of 5436?
5
What is the hundreds digit of 37041?
0
What is the hundreds digit of 34338?
3
What is the tens digit of 17557?
5
What is the thousands digit of 44794?
4
What is the units digit of 37547?
7
What is the units digit of 2239?
9
What is the ten thousands digit of 45753?
4
What is the units digit of 1388?
8
What is the units digit of 834?
4
What is the thousands digit of 3389?
3
What is the hundreds digit of 23710?
7
What is the tens digit of 12162?
6
What is the units digit of 56890?
0
What is the units digit of 96?
6
What is the hundreds digit of 1253?
2
What is the tens digit of 61429?
2
What is the ten thousands digit of 26539?
2
What is the thousands digit of 1527?
1
What is the tens digit of 12738?
3
What is the units digit of 2003?
3
What is the units digit of 759?
9
What is the thousands digit of 1259?
1
What is the ten thousands digit of 61244?
6
What is the hundreds digit of 40217?
2
What is the units digit of 65101?
1
What is the units digit of 5866?
6
What is the tens digit of 1970?
7
What is the hundreds digit of 10984?
9
What is the ten thousands digit of 33867?
3
What is the hundreds digit of 912?
9
What is the thousands digit of 1482?
1
What is the tens digit of 2720?
2
What is the hundreds digit of 1731?
7
What is the units digit of 5468?
8
What is the hundreds digit of 286?
2
What is the thousands digit of 3148?
3
What is the hundreds digit of 1454?
4
What is the ten thousands digit of 15689?
1
What is the ten thousands digit of 13852?
1
What is the tens digit of 1756?
5
What is the tens digit of 871?
7
What is the thousands digit of 97661?
7
What is the hundreds digit of 537?
5
What is the units digit of 987?
7
What is the thousands digit of 1667?
1
What is the tens digit of 46?
4
What is the tens digit of 13312?
1
What is the tens digit of 724?
2
What is the hundreds digit of 465?
4
What is the units digit of 1151?
1
What is the tens digit of 1236?
3
What is the tens digit of 11114?
1
What is the thousands digit of 38760?
8
What is the units digit of 5430?
0
What is the hundreds digit of 81838?
8
What is the tens digit of 29?
2
What is the ten thousands digit of 31945?
3
What is the hundreds digit of 235?
2
What is the units digit of 3178?
8
What is the thousands digit of 1003?
1
What is the units digit of 3309?
9
What is the units digit of 2556?
6
What is the thousands digit of 55113?
5
What is the units digit of 34990?
0
What is the ten thousands digit of 76235?
7
What is the tens digit of 141?
4
What is the tens digit of 63?
6
What is the ten thousands digit of 40815?
4
What is the units digit of 210?
0
What is